s(w) = 2*w**2 + 7*w + 6. Suppose 4*f - 16 = -2*d, -5*f - 5*d = -8 - 7. Suppose -f*t - j = 24, 3*t = -j - 1 - 13. Determine s(t).
21
Let v(w) = -5*w**3 - 2*w**2 - 12*w - 3. Let j(b) = 2*b**3 + b**2 + 7*b + 2. Let t(k) = 5*j(k) + 3*v(k). Calculate t(-2).
39
Let j(f) = -7*f**2 + 20*f + 6. Let i(r) = -6*r**2 + 19*r + 5. Let z(m) = -5*i(m) + 4*j(m). Let w be z(7). Let u(k) = k**2 + 6*k - 10. Give u(w).
6
Let f(h) = 2*h + 13. Let i be ((-81)/(-108))/(2/(-24)). Determine f(i).
-5
Let f(s) = -5*s**2 - 3*s. Suppose 0 = 5*h + 10*c - 7*c + 1, 0 = 3*h + 2*c. Give f(h).
-14
Let h(s) = -2*s**3 - s**2 + 3*s + 1. Let l = -518 + 516. Give h(l).
7
Let c = -1005 + 1001. Let i(q) = 3*q + 19. Give i(c).
7
Let v(z) be the third derivative of -z**4/8 + 5*z**3/2 + 25*z**2. Let w be v(4). Let d(p) = 3*p - 3. Determine d(w).
6
Let x(t) = 3*t**3 - 6*t**2 - 7*t - 7. Let f(y) = -3*y**3 + 5*y**2 + 6*y + 6. Let u be 1 + -2 + (-4)/4*2. Let r(o) = u*x(o) - 4*f(o). What is r(-2)?
-29
Let z(a) = -9*a**2 - 16*a**2 - a + 3 - 8*a**2 + 32*a**2. Give z(3).
-9
Let t(z) = z. Let l(f) = 8*f + 26. Let h(c) = l(c) - 3*t(c). Let n(d) = 2*d + 9. Let k(s) = 4*h(s) - 11*n(s). Let b be (5/(-2))/(1/(-2)). Determine k(b).
-5
Let z(d) = d**2 - 11*d + 3. Let g(u) = -u + 16. Let x be g(5). What is z(x)?
3
Let c(z) = -5*z**2 + 3*z + 3. Let v(y) = 9*y**2 - 3*y - 5. Let f(q) = 7*c(q) + 4*v(q). Calculate f(-5).
-19
Let f(n) be the first derivative of 2*n**2 - 6*n - 79. Calculate f(2).
2
Let f be (-53)/7 + 27/(-63) + 7. Let w(a) = a - 3*a + 0 + 1. What is w(f)?
3
Let a(g) = 2*g**3 - 11*g**3 + 3*g + 1 - 2*g. Let r(u) = 5*u - 37. Let y be r(7). Let h be -2*y/4 - (-1 + 3). What is a(h)?
9
Let u(o) = 10*o**2 + 6 + 4*o**2 - 22*o**2 - 7*o + 9*o**2. Give u(10).
36
Let v(z) be the second derivative of z**5/20 - 5*z**4/6 - 7*z**3/6 - 13*z**2/2 - 39*z + 14. Determine v(11).
31
Let d(w) = w**3 + w**2 + 2. Let f(j) = -j**2 - 7*j + 34. Let i be f(-10). Suppose -5*n + 2*l - 2 = -6, 2*l + i = 0. Give d(n).
2
Let d = -12 - -15. Suppose 3*w - 3*k + 9 = 30, -3*w - 5*k - d = 0. Let g(v) = 72 - w*v - 72 + v. Determine g(-3).
9
Let u(m) = 5*m**2 + m - 8. Let w be u(2). Let s(g) = g**3 - 13*g**2 - 13*g - 16. Determine s(w).
-2
Suppose -3*v + 0*v = -3*z + 426, 2*z - v = 281. Let k(q) = q + 0*q + z - 129. Calculate k(-11).
-1
Let d(y) be the third derivative of -y**4/24 - y**3/6 + 56*y**2. Calculate d(5).
-6
Let d(s) = -3*s + 3. Let l be 18*20/8*(-4)/15. Let r = -75 + 107. Let q be 1/(-3) + r/l. Determine d(q).
12
Let s(a) = 6*a**2 + 4*a**2 - 16*a**2 + 5*a**2 + 3 - 7*a. Give s(-6).
9
Let h(q) = q + 1. Let b(n) = 2*n + 1. Let r(s) = 3*b(s) - 4*h(s). Let g(d) = d**3 + 2*d**2 - 10*d - 5. Let l be g(-4). Calculate r(l).
5
Suppose 4*v + 28*l + 32 = 24*l, 3*l = 3*v + 6. Let h(p) = 12*p + 53. What is h(v)?
-7
Let u(h) = -3*h + 9 + 10 - 9 + 4*h + 18. Determine u(0).
28
Let b(g) = g**2 - 4*g + 4. Let h be 3/4 + (490/(-56) - -12). What is b(h)?
4
Let j(i) = i + 11. Let d(b) = -6*b - 26. Let a be d(-3). Determine j(a).
3
Let g be 2 + (-3)/(-12)*0. Let t be 3/(-4 - (-11)/g). Let o(b) = 7*b + b**3 - 2 - t*b - 6*b**2 - 1 + 0*b**3. Calculate o(5).
-3
Let t(r) = -4*r - 5. Let p(l) = 3*l + 4. Let x(c) = -3*p(c) - 2*t(c). Let i = 2653 - 2655. Calculate x(i).
0
Let f(t) = -3*t**2 - t - 4. Let x(c) = -2*c**2 - 9*c - 2. Let z(y) = y**2 + 4*y + 1. Let h(g) = 4*x(g) + 9*z(g). Let s(d) = -f(d) - 2*h(d). Give s(2).
8
Let b(d) = 5*d + 61. Let n be b(13). Let c = -121 + n. Let w(x) = x**3 - 4*x**2 - x - 2. Determine w(c).
18
Let g(o) = 4*o + 3. Let m be (-12)/(-14) + (440/(-56) - -8). What is g(m)?
7
Let c(u) = -383*u**2 - 20 + 192*u**2 - 12*u + 189*u**2. Determine c(-6).
-20
Let s be 1*(4/(-12)*-6 - -1). Let o(p) be the third derivative of -2*p**2 + 0 - 1/2*p**s + 1/6*p**4 + 1/120*p**6 + 1/12*p**5 + 0*p. Calculate o(-4).
-3
Let k be ((-4)/10)/((-1)/10). Let p(d) = 5*d**3 - d + k*d + d - 3*d - 1. Determine p(1).
5
Let w be (-3 + -1)*-3 - 0. Suppose w*i + 2 = 10*i. Let m(u) = 3*u. Calculate m(i).
-3
Let r(o) = -o**2 - 12*o + 10. Let q be r(-12). Let a be (q/(-8))/(1/4). Let m(d) = d - 8. Let p(w) = -5*w + 33. Let l(f) = 9*m(f) + 2*p(f). Calculate l(a).
-1
Let l(f) be the second derivative of -5/12*f**4 - 1/60*f**5 + 0*f**3 - 1/360*f**6 + 0*f**2 + f + 0. Let v(b) be the third derivative of l(b). What is v(-5)?
8
Let n(x) be the third derivative of -x**5/20 + x**4/4 - 2*x**3/3 + 2*x**2 + 100. Calculate n(3).
-13
Let d(m) = -m**2 + 8*m - 7. Let u be -14*(2 - 1) - -2. Let c(p) = p**2 + 10*p - 17. Let i be c(u). Give d(i).
0
Let q(i) = -i**3 - 280*i**2 + 572*i**2 + 29 - 276*i**2 + 16*i. Give q(17).
12
Let g(l) = -5*l**2 - 51*l - 35. Let c(d) = d**2 + 10*d + 7. Let s(z) = 11*c(z) + 2*g(z). Let u be -10 + 6*6/9. Determine s(u).
-5
Let s(m) = m + 4. Let f be s(-6). Let h(a) be the first derivative of -a - 1/2*a**2 - 9. Determine h(f).
1
Let n(b) = -b**3 + 4*b**2 + 7*b - 4. Let c be n(5). Let t(k) = -33*k - 1 + 35*k + c. Calculate t(-4).
-3
Let m(p) = p**3 - p**2 - 5. Let g be (2 - -1)*34/(-3). Let v = g - -21. Let b(i) = i**2 + 12*i - 13. Let o be b(v). Give m(o).
-5
Let n(y) = -2*y + 5. Let s(h) = h - 4. Let q(t) = -3*n(t) - 2*s(t). Determine q(3).
5
Let x be (6/(-4))/(3/4). Let z(u) = -446 + 967 - 518 + 4*u. What is z(x)?
-5
Let s(p) = 10*p**2 - 28*p**2 + 8 - 9*p + 10*p**2 + 9*p**2 + 0*p. Determine s(9).
8
Let g = -14 - -20. Let q(n) = 7 - 3*n - g*n + 5*n + 5*n. Give q(-11).
-4
Let z(b) = -3*b**3 + 7*b**2 - 20*b + 9. Let g(o) = o**3 - 2*o**2 + 7*o - 3. Let r be (28/7)/((-1)/(-2)). Let y(u) = r*g(u) + 3*z(u). Calculate y(4).
3
Let w(q) be the second derivative of -q**3/6 - 8*q**2 - 6*q + 10. Give w(-7).
-9
Let r(k) = -k**3 - k**2 - 2. Let g(d) = 2*d**3 - 3*d**2 - 3*d - 6. Let v(p) = g(p) + 3*r(p). Calculate v(-6).
6
Suppose -3*j - 8*z = -3*z + 181, -63 = j + 3*z. Let a = j + 57. Let k(y) = y**2 - y - 7. What is k(a)?
-7
Let k(a) = -2*a**3 - 3*a**2 + 3*a - 1. Let c(u) = u**3 - 5*u**2 + u + 12. Let y be c(3). Calculate k(y).
17
Let t be 2/13 - 48/(-26). Let d be 3 - (1 - t) - 4. Let y be d + -7 - (-10 - -7). Let f(l) = -l**3 - 3*l**2 + 4*l + 3. Give f(y).
3
Let o(n) = n**2 - n - 11. Let j be o(5). Let v(c) = -2*c + 13. Determine v(j).
-5
Let z(d) = d**2 - 3*d + 3. Let i be z(4). Suppose 0 = -21*g + 634 + 563. Let h(b) = -i - g*b + 60*b - 2. What is h(7)?
12
Let z(w) be the third derivative of 5*w**4/24 + 5*w**3/6 - 10*w**2. Let t(x) = 4*x + 6. Let f(n) = 6*t(n) - 5*z(n). What is f(7)?
4
Let a = 21 - 19. Let n(f) be the second derivative of -f**5/20 - f**4/12 - f**2 - 8*f. Calculate n(a).
-14
Let p(y) = 9*y**2 - 28*y + 79*y - 20*y + 2*y**3 + 15 - 26*y - 5. What is p(-4)?
6
Let p be 76/(-95)*(-6)/8*-5. Let x(a) = a**2 + a - 3. Determine x(p).
3
Let s(r) = -r**3 - 16. Suppose 0 = -5*m - 2*t - 17, -t - 3*t - 4 = 0. Let g be m + -3*(-1 + 0). Calculate s(g).
-16
Let v = 7 - -5. Let o = v + -7. Suppose 3*u + 17 = y, 0 = 4*u - 0*y - o*y + 30. Let a(x) = x**2 + 4*x - 2. Give a(u).
3
Let v(c) = -c - 6. Let g be -6 + -1 + 5 + -2. Determine v(g).
-2
Suppose 39 + 65 = 13*o. Let r(s) = -s**2 + 10*s - 12. Determine r(o).
4
Suppose -4*q - 24 = 2*l, 2*q - l - 24 = 7*q. Let v be (-1)/q - 9/4. Let t(b) be the first derivative of b**4/4 + b**3/3 - b**2 - 3*b + 201. Calculate t(v).
-3
Let y(b) = 12*b - 1. Suppose -3*l - f + 29 = 0, 6*l - 31 = 3*l - 2*f. Suppose l = -9*o - 0. What is y(o)?
-13
Let n(t) = -28*t + 9*t**2 + 57*t - 48*t + 7*t**2 - 15*t**2 + 25. Calculate n(18).
7
Let u(j) = 6*j**2 - 10*j - 1. Let g(x) = x**2 - x + 1. Let i(c) = 5*g(c) - u(c). Suppose 0 = -43*r + 61*r - 90. Determine i(r).
6
Let f(u) be the second derivative of -7*u**4/4 + u**3/3 + u**2/2 + 126*u. Give f(-1).
-22
Let x(f) = 4*f**3 - 3*f**2 + f + 3. Let q be -7*8/(-140)*5. Give x(q).
25
Let x(l) = 2*l + 5. Suppose -4*o - 9 = 11. Let p be x(o). Let z(r) = 3*r + 3. Let m(v) = -12*v - 11. Let w(s) = 2*m(s) + 9*z(s). Calculate w(p).
-10
Let l(o) = -4*o**3 - 8*o**2 + 3*o - 3. Let j(x) = 7*x**3 + 15*x**2 - 5*x + 7. Let g(d) = 3*j(d) + 5*l(d). Calculate g(-5).
6
Suppose 54*t = 58*t - 16. Let f(r) = -6*r + 2*r + r - 2 + t*r. Calculate f(6).
4
Let y be 4/(-10)*(6 - -4). Let c(h) be the first derivative of -h**2/2 - 3*h + 53. Give c(y).
1
Let y(s) = -s - 6. Let q be 7 + (-6 - (-3 + 0)). Suppose -q*o + 6 = -6. S